 u. Let g = -11 + 18. Calculate the remainder when u is divided by g.
6
Let z be 13/3 + (-2)/(-3). Suppose 0 = -6*n + 3*n - 4*k + 97, -3*k = z*n - 169. Let r = 58 - n. What is the remainder when r is divided by 12?
11
Suppose 0 = -5*d + 152 + 8. Calculate the remainder when d is divided by 17.
15
Suppose 0*r = 3*r - 24. Let t = r - 6. Let f(i) = i**3 + 5*i**2 - 7*i - 5. What is the remainder when t is divided by f(-6)?
0
Let n = 58 - 55. Calculate the remainder when n is divided by 9/6*(-2)/(-1).
0
Let q(v) = -v**2 + 7*v + 11. Calculate the remainder when 86 is divided by q(0).
9
Suppose -4*m - 2*s + 69 = -109, -m + 5*s = -50. Let c = -25 + m. What is the remainder when 79 is divided by c?
19
Suppose 0 = 4*f + 2*y - 4*y - 104, -16 = -4*y. What is the remainder when 136 is divided by f?
24
Let v(h) be the third derivative of h**6/120 - 7*h**5/60 + 5*h**4/24 - 5*h**3/6 - 2*h**2. What is the remainder when v(7) is divided by 16?
14
Suppose -n + 15 = 4*n. Let v be 8/20 - 4/10. Suppose v = n*b - 5*g - 89, -2*b + 48 = 3*g - 5. Calculate the remainder when b is divided by 10.
8
Suppose 5*f - 3*y + 62 = 0, -2*f - 1 = y + 15. Calculate the remainder when 26 is divided by f/25 + 47/5.
8
Let h(k) be the third derivative of -k**6/60 - k**5/30 + k**4/24 + k**3/6 - 2*k**2. What is the remainder when (7/(-14))/(2/(-76)) is divided by h(-2)?
5
Let d = -8 - -14. Suppose 2*o - d = -0*o, 3*m - 4*o + 9 = 0. Calculate the remainder when 2 is divided by m.
0
Suppose 2*u - 12 = -2*u. Calculate the remainder when u is divided by (6/(-10))/(3/(-15)).
0
Suppose 14*v = 12*v + 54. What is the remainder when v is divided by 9?
0
Let u be 20*(2 - 12/8). Suppose 34 = 4*b - u. What is the remainder when b is divided by 3?
2
Suppose 0*m + 4*m - 141 = -5*y, 3*m = 3*y - 63. Calculate the remainder when y is divided by (2/(-1))/((-2)/9).
7
Let h = 236 + -155. What is the remainder when h is divided by 28?
25
Let s = 17 - 17. Calculate the remainder when 49 is divided by (100 + s)/4 + 0.
24
Calculate the remainder when 2*(-3)/15 + (-2569)/(-35) is divided by 15.
13
Suppose 2*j = 8 - 0. Suppose -64 = -5*l + 3*m, l + 24 = 2*l + 5*m. What is the remainder when l is divided by 1/(2/2) + j?
4
Suppose 0 = 2*i - 3*i. Suppose y + 2*y - 75 = i. What is the remainder when y is divided by 14?
11
Let x = 444 + -253. Suppose -113 = -2*u - u + q, 5*u = -q + x. Suppose 3*y - 30 = -0*y. Calculate the remainder when u is divided by y.
8
Let x = 170 + -101. What is the remainder when x is divided by 35?
34
Let v(m) = -3*m**3 - m**2 + 2*m - 5. Let q(r) = -4*r**3 + 2*r - 5. Let a(f) = -4*q(f) + 5*v(f). What is the remainder when 13 is divided by a(5)?
3
Let q be ((-3)/5)/((-3)/15). Suppose 0*d - 21 = -q*d. Calculate the remainder when 13 is divided by d.
6
Suppose -9 = -j + 13. Let w = j + -7. Calculate the remainder when 29 is divided by w.
14
Suppose -3*q = -77 + 29. Let k(j) = -j**3 - 5*j**2 + 7*j + 9. Let w be k(-6). Calculate the remainder when ((-3)/w)/((-1)/47) is divided by q.
15
Let p = -2 + 5. Suppose p*n + 109 = 340. What is the remainder when n is divided by 26?
25
Let v = -40 + 69. Calculate the remainder when v is divided by 15.
14
Suppose 0 = 2*n - 72 - 136. What is the remainder when n is divided by 38?
28
Let u(h) = -3*h + 52. What is the remainder when 100 is divided by u(6)?
32
Suppose 11*y - 60 = 7*y. Calculate the remainder when 59 is divided by y.
14
Let t(c) = 12*c - 10. Let h be t(10). Let g = -70 + h. Calculate the remainder when g is divided by 14.
12
Let l(j) = j**2 + 3*j - 7. Let p be l(-6). Suppose k - 5*d + p = -k, d - 5 = 0. Calculate the remainder when 12 is divided by k.
5
Let g be -2 - (3 + (-1 - 8)). Let a be 16/(-12)*(-198)/g. Let l = a - 8. What is the remainder when l is divided by 20?
18
Suppose 4*s = 13 + 31. Suppose 0 = -2*v - 8, 3*w - 2*v = -3*v + s. What is the remainder when 13 is divided by w?
3
Let u(b) be the first derivative of -b**3/3 - 9*b**2/2 - 9*b - 1. Let i be u(-8). What is the remainder when 32 is divided by (-2 - -3 - -11) + i?
10
Suppose 0 = -3*z - 2*z + 75. Suppose -3*x = -0*x - z. What is the remainder when 13 is divided by x?
3
Let i = 12 + -8. Suppose m = -4*r + 18, r = i*m - 16 - 39. Let v(p) = -p + 27. What is the remainder when v(0) is divided by m?
13
Let h(z) = z**2 + 8. Suppose 0 = -2*t - j + 1, 3*t + 5*j = t - 19. Let d be (t + 1 - 2) + -2. Calculate the remainder when 14 is divided by h(d).
6
Let u(l) = l**3 - 3*l**2 - 5*l - 1. Let r be ((-5)/(-2))/(2/4). Let q(p) = -p**2 - 13*p - 9. Calculate the remainder when u(r) is divided by q(-11).
11
Let n(h) = h - 1. Let j be n(3). Suppose 3*g - j*g - 2 = 0. Suppose 3*r - 2 = g*r. Calculate the remainder when 4 is divided by r.
0
Let z(x) = x**2 + 5*x - 5. Suppose 4*t = -1 + 17. Suppose -t*i = -0*i - 8. Calculate the remainder when i is divided by z(-6).
0
Suppose -5*u + 4*k + 18 = 81, 42 = -2*u - 4*k. Let m = 10 + u. Let g(j) = -j**3 - 4*j**2 + 2*j - 5. Calculate the remainder when 18 is divided by g(m).
8
Let q(k) = 9*k**2 + k + 1. What is the remainder when q(-1) is divided by (-3 - -5) + 1*4?
3
Suppose 0 = 5*q - 2*o - 245, q - 24 = -o + 25. Let x(d) = -2*d + 5. Suppose 0 = s + s + 6, -9 = 3*p - 3*s. What is the remainder when q is divided by x(p)?
15
Calculate the remainder when (-465)/(-10) + 3/6 - 1 is divided by 25.
21
Let j(s) = 14*s + 1. Suppose 3*i - 3*f + f = 0, 5*i + 4*f - 22 = 0. What is the remainder when j(i) is divided by (4/2)/(4/30)?
14
Let b(i) = -i**3 + 16*i**2 + i - 11. What is the remainder when 12 is divided by b(16)?
2
Let b(n) = -n + 11. Let y be b(9). Let t be ((y - 4) + 25)*-1. Let x = -7 - t. What is the remainder when x is divided by 6?
4
Let y(m) = -m**2 + 6*m - 2. Let l be y(4). Let w = 16 - l. Calculate the remainder when 27 is divided by w.
7
Let o(f) = 9*f. Calculate the remainder when o(6) is divided by 14.
12
Let d(y) be the first derivative of y**3/3 + 2*y + 11. Calculate the remainder when 34 is divided by d(4).
16
Let u(l) = l**3 - 8*l**2 + 5*l - 7. Let i be u(7). What is the remainder when 4*(i/2)/(-3) is divided by 5?
4
Suppose 3*c = -f + 284, 0 = 2*c - 6*c + f + 381. Calculate the remainder when c is divided by 49.
46
Let a = 14 + 26. Suppose -3*c = -7*c + a. Calculate the remainder when 29 is divided by c.
9
Calculate the remainder when 12/(-15)*-5 - -81 is divided by 45.
40
Let h = -8 + 15. Calculate the remainder when 12 is divided by h - ((3 - 2) + -1).
5
Let v be 15*(1 + 0)*1. Suppose v + 3 = 3*s. Let i = s - -1. Calculate the remainder when 12 is divided by i.
5
Let h = -4 + 9. Let i = -2 + 3. Suppose -a - 3*s - i = 0, -2*s - 9 = -h. What is the remainder when a is divided by 3?
2
Let w = 13 + -8. Calculate the remainder when (-88)/(-6) - (8/(-6) + 2) is divided by w.
4
Let t(q) = -q**2 + 64. Calculate the remainder when 56 is divided by t(-7).
11
Suppose -3*l - 1 = 2. Let o = 4 + l. Suppose 42 = 4*h + 3*i - 41, 0 = o*h - 3*i - 78. Calculate the remainder when h is divided by 8.
7
Let j be 20/(-25)*(-15)/(-2). Calculate the remainder when 28 is divided by (-234)/(-27) + 4/j.
4
Let n(a) = -14*a + 2. Calculate the remainder when n(-1) is divided by 6.
4
Let z(f) = f**3 + 6*f**2 + 1. Let j be z(-6). What is the remainder when -1*2 - (-46 + j) is divided by 15?
13
Suppose -2*l - r = 2*r - 15, l = -r + 9. Suppose u - l = 3. What is the remainder when 42 is divided by u?
12
Let a(q) = -4*q**2 - 25*q - 1. Calculate the remainder when a(-5) is divided by 7.
3
Suppose -11*w - 6 = -9*w. Let o = w - -47. Calculate the remainder when o is divided by 15.
14
What is the remainder when 91 is divided by 288/45*(-10)/(-2)?
27
Let z be (-165)/22*2/3. Let v = z + 17. Calculate the remainder when 45 is divided by v.
9
Suppose -4*j = -3*r - 155, -4*r - 55 = -2*j + j. Let x = j + -20. Calculate the remainder when x is divided by 9.
6
Suppose -4*b + 4 + 0 = 0, 3*b = 2*x - 29. Calculate the remainder when 63 is divided by x.
15
Suppose -3 = -3*a - c, -2*a + 2*c + 4 = -3*a. Calculate the remainder when 9 is divided by a.
1
Let s = -63 - -80. Calculate the remainder when 44 is divided by s.
10
Let g(h) = -14*h + 2. Let d be g(-3). Let r = d - 22. Let u(p) = p**2 - 2*p + 4. Calculate the remainder when r is divided by u(4).
10
Suppose -4*r = r + 100. Let p(s) = 2